 6.
2, 3
Let s(o) = o**2 - 2*o**2 - 6*o - 9 + 2*o**2. List the prime factors of s(9).
2, 3
Suppose -208 = -5*l - 4*t + 3*t, 0 = -4*l - t + 166. What are the prime factors of l?
2, 3, 7
Let i(l) = -l**3 - 8*l**2 + 5*l + 5. Let j = -13 + 4. Let t be i(j). Suppose 0 = -3*w + 3*s + 27, 3*w - 3*s = -w + t. List the prime factors of w.
2, 7
Suppose 3*p = -0*a - 2*a + 9, 0 = -2*a - 4*p + 10. List the prime factors of a.
3
Let j(b) = 2*b**2 + 3*b. Let p be j(-2). Let a(k) = -k**3 - 2*k**2 + k - 2. Let q be a(p). Let w = q - -28. List the prime factors of w.
2, 3
Let v = 22 - 14. Let x be (-4)/16 + 18/v. Suppose -x*k - 36 = -4*k. What are the prime factors of k?
2, 3
Let g(j) = 32*j**2 - j - 2. What are the prime factors of g(-2)?
2
Suppose 5*q = 6*q - 51. List the prime factors of q.
3, 17
Let t = 3 + 1. Let j be 40/1 - (4 + -4). Suppose -2*m = -t*m + j. What are the prime factors of m?
2, 5
Suppose 0 = -f - f + 2. Let k be 0/1 + f + 1. What are the prime factors of -2 - (k + -13 + 1)?
2
Let k be (-68)/(-12)*3*1. Let r = k - 9. Let y = r - -1. What are the prime factors of y?
3
Let n = 7 + -4. Let g(u) = -u**3 - u**2 + 3*u**2 + u - 1 + 3*u. What are the prime factors of g(n)?
2
Let p(j) = -j - 2 - 1 + 3*j + j**2. Let t be p(3). Suppose -3 - 13 = -3*k - 5*b, -3*b + t = 3*k. What are the prime factors of k?
2
What are the prime factors of -42*1/(-1 - 0)?
2, 3, 7
Suppose -8*p + 11*p - 843 = 0. List the prime factors of p.
281
Suppose -4*k = -43 + 3. List the prime factors of 2/1 + k + -2.
2, 5
Let j be 2/10 + 98/10. Let m = 20 - j. Suppose m - 49 = -3*d. What are the prime factors of d?
13
List the prime factors of 3*90 + (-32 - -28).
2, 7, 19
Suppose 6*f - 358 = 1190. What are the prime factors of f?
2, 3, 43
Let f(t) = -t**3 - 7*t**2 + 2*t + 10. Let x be f(-7). Let z(j) = j + 1. Let p be z(-3). Let l = p - x. What are the prime factors of l?
2
Suppose -3*p - 2 + 5 = 0. Let y = p - -20. List the prime factors of y.
3, 7
Let p(w) be the first derivative of 5*w**2/2 - 5*w - 4. What are the prime factors of p(6)?
5
Let i = -52 + 76. List the prime factors of i.
2, 3
Let c be 3/18 + (-33)/(-18). Let b(k) = 11*k. List the prime factors of b(c).
2, 11
Let j = -4 + 8. Suppose 5*c + j*x = -x - 5, -5*c - 3*x = -5. What are the prime factors of c?
2
Let q = -50 - -107. Let v = 12 - 3. Suppose 4*w = -3*o + v + 6, -4*w = -5*o + q. What are the prime factors of o?
3
Suppose -3*k + 81 = -7*q + 4*q, -2*q - 53 = -k. What are the prime factors of (-4)/(-6) - q/6?
5
Suppose -4*j - 6 = 5*x - 2, -x = -2*j + 12. Let s be x/6 + (-23)/(-3). Suppose 0 = -s*v + 4*v + 24. What are the prime factors of v?
2
Let a be 3*(1 + 0 + 0). Let y(o) be the second derivative of o**3/6 - 14*o. List the prime factors of y(a).
3
Let t = -39 + 56. What are the prime factors of t?
17
Let c(b) = 10*b**2 - b. Let s = 0 + 1. Let l be s*3*(-3)/9. List the prime factors of c(l).
11
Suppose 5*i - 15 = -0. List the prime factors of 3 + -4 + (12 - i).
2
Suppose 2*z = -1 + 25. What are the prime factors of z?
2, 3
List the prime factors of (-1 - 0 - -96) + (-1)/1.
2, 47
Let i(u) = u**3 + 15*u**2 + 13*u + 17. List the prime factors of i(-14).
31
Let n = -7 + 6. List the prime factors of n + 0 + 19 + 6.
2, 3
Let a = 3 - 0. Suppose 59 = 4*q - 5*f, -q + a*q - 2*f = 28. List the prime factors of q.
11
Let r(o) = 14*o + 3. List the prime factors of r(1).
17
What are the prime factors of (-51)/9*(-9 - -6)?
17
Let d(w) = -w**2 - 19*w + 8. List the prime factors of d(-19).
2
List the prime factors of (-7)/((-14)/4) + 55.
3, 19
Suppose -3*v = 3*y - 12, 5*y + 9 = 2*y. Let x = -2 + v. Let g = x + -3. List the prime factors of g.
2
Suppose -20 = 4*m, 9 = -2*n - 0*n - m. Let z = -12 - n. List the prime factors of 10/(-25) - 84/z.
2
Let j = 22 + -7. Suppose 16*c - 43 = j*c. List the prime factors of c.
43
Let f(u) = u**3 + 4*u**2 + 5. Let l(q) = q**2 + 9*q + 4. Let d be l(-8). List the prime factors of f(d).
5
Suppose 0 = 5*w - 8*w + 60. List the prime factors of w.
2, 5
Let u = 265 - 145. List the prime factors of u.
2, 3, 5
Suppose -4*y + 216 = 3*v, 5*y - 4*v = 2*y + 187. Suppose -5*m = -f - 146, -y = -2*m - 0*f - f. What are the prime factors of m?
29
Suppose -2*h + 30 = -7*h. Let s = h - 10. Let c = s + 24. What are the prime factors of c?
2
Let r(z) = -9*z - 7. Let k be r(-7). Suppose 4*l + 4*j - 4 = k, -45 = -4*l + j. What are the prime factors of l?
2, 3
Let d(h) = 5*h + 14. List the prime factors of d(15).
89
Let y be -30 - (2 - 2/2). Suppose 3*i - 121 = 4*l, 0 = 2*i + 2*i + 5*l - 182. Let w = y + i. What are the prime factors of w?
2, 3
Let w(k) = k**3 - 7*k**2 + 7*k - 6. Let m be w(6). What are the prime factors of -17*-1*(1 - m)?
17
Let f be 813/9 + (-1)/3. Suppose -4*g - g = -f. What are the prime factors of g?
2, 3
Let x(v) = 37*v - 1. Let t = 4 + -3. List the prime factors of x(t).
2, 3
Let m(s) = -34*s - 52. What are the prime factors of m(-6)?
2, 19
Suppose 318 = 4*b + 2*i, -b = b - 5*i - 165. List the prime factors of b.
2, 5
Suppose 3*p = 2*p + 35. Suppose 1 + 6 = r - 4*u, -3*u = 2*r - 25. List the prime factors of r/5 - 7/p.
2
Let s(v) = -v + 1. Let m(i) = -2*i**2 - i + 5. Let h(f) = -2*m(f) + 6*s(f). List the prime factors of h(-3).
2, 11
Suppose -4*v - 3*a = -867, -6*a = -5*v - a + 1075. List the prime factors of v.
2, 3
Suppose -k - 755 = -6*y + y, 0 = -5*y + 2*k + 760. What are the prime factors of y?
2, 3, 5
Let c(k) = -k**3 - 8*k**2 - 11*k - 9. List the prime factors of c(-7).
19
Suppose -5*d + 3*h + 715 = 0, -5*d = 2*h + 3*h - 755. List the prime factors of d.
2, 73
Suppose -5*z + 4*z = -36. What are the prime factors of z?
2, 3
List the prime factors of (-1 + 2/4)*-94.
47
Suppose 2*d - 3*l = 369, -d + 2*l - 5*l = -189. List the prime factors of d.
2, 3, 31
Let f(j) = j**3 - 4*j**2 + 6*j - 4. Let x be f(4). List the prime factors of (x/3)/((-22)/(-33)).
2, 5
List the prime factors of 1598/18 - (-14)/63 - -3.
2, 23
Suppose -6*j = -11*j + 165. List the prime factors of j.
3, 11
Suppose -4*o = 2*p - 5*p + 22, -3*o - 27 = -4*p. What are the prime factors of (-4)/p*(1 + -37)?
2, 3
Suppose 24 - 114 = -3*r. What are the prime factors of r?
2, 3, 5
Let j(w) = -w + 8. Let s be j(7). Let u be s/1 - (0 - -1). Suppose u = -t + 5 + 3. List the prime factors of t.
2
List the prime factors of (-6)/9 + 400/6.
2, 3, 11
Let r(o) = 4*o - 2 - 2*o**2 - o**3 + 0*o**3 + 5*o**3 - 5*o**3. List the prime factors of r(-4).
2, 7
Let i(n) = 5*n + 7. Let j(t) = -t - 1. Let y(u) = i(u) + 4*j(u). Let d be (1 - 3)*(-28)/8. What are the prime factors of y(d)?
2, 5
Let a = 1 + -7. Let z be (1 - -1) + 1 + 0. What are the prime factors of 4 - 2*z/a?
5
Suppose 2*c - c + 2 = 0. Let y(n) = 5*n**2 + n. What are the prime factors of y(c)?
2, 3
Suppose 0 = -2*t - 3*h - 312 + 1005, 4*t + h = 1361. List the prime factors of 1/(-4) - t/(-12).
2, 7
Let y be 0 + (0 - -1) + 1. Let u = 0 + y. Suppose 3*z = -5*w - 0*z + 45, 5*w - u*z = 20. What are the prime factors of w?
2, 3
Let x(p) = -5*p + 8. List the prime factors of x(-6).
2, 19
Let s(h) = h**3 - 4. Let t be s(0). Let y be t/6 - 16/(-6). Let g(p) = 3*p**2 - 3*p + 1. List the prime factors of g(y).
7
Suppose -2*z = -7*z + 10. Suppose -2*f = -3*w + 43, -z*f + 4*f + 10 = 0. Suppose 2*h - w - 13 = 0. List the prime factors of h.
2, 3
Suppose -5*c + 0 = 5. Let i(g) be the second derivative of -g**5/5 + g**4/6 + g**3/3 + g**2/2 + 2*g. List the prime factors of i(c).
5
Suppose -n - 12 = n + 5*z, -5*z = -5*n + 40. Suppose 3*g - n*g = -35. What are the prime factors of g?
5, 7
Let i(a) be the second derivative of -a**4/6 + a**3/3 - a. Let k be i(3). Let l = 17 + k. What are the prime factors of l?
5
Let t(s) = s**2 + 4*s + 1. Suppose 0 = -h - 4*v + 11, 7*h - 5*v = 2*h - 45. List the prime factors of t(h).
2, 3
Let q(p) = -11*p + 4. List the prime factors of q(-9).
103
Let s(t) = -t**3 + 5*t**2 + 8*t - 6. Let f(k) = 5*k - 7. Let v be f(5). Suppose -l - 2*l + v = 0. List the prime factors of s(l).
2, 3
Let s(f) = 33*f**3 - 2*f**2 + f. List the prime factors of s(1).
2
Suppose -9*f - 424 = -1054. List the prime factors of f.
2, 5, 7
Suppose -2*t + 9 = -23. List the prime factors of t.
2
Suppose w + w = -4. Let i be (22/(-4))/(1/w). Suppose 0 = h + 1 - i. List the prime factors of h.
2, 5
Let m